Calculate y(s).
7
Let s = -1258 - -1261. Let k(v) = -16*v - 2. Determine k(s).
-50
Let k(c) = -c**3 + c + 5*c + 4*c - 3 - 5*c**2 - 15*c. Let z be k(-3). Let b(r) = -8*r. Let p(y) = -9*y. Let m(s) = -6*b(s) + 5*p(s). Calculate m(z).
-18
Suppose 0 = 4*o + o + 10. Let k be 5/10 + (-15)/o. Let m(j) be the third derivative of -j**4/24 + j**3/6 + 214*j**2. Give m(k).
-7
Let o(z) = 10*z**2 + 61*z + 79. Let y(m) = 3*m**2 + 20*m + 24. Let j(w) = -4*o(w) + 13*y(w). Give j(8).
60
Suppose 0 = 8*b - 0 - 16. Let x be (-112)/42 - b/(-3). Let v(c) = -3*c + 1. Determine v(x).
7
Let p be 3/((-42)/7)*0. Let x(q) = -744*q + 371*q + 375*q. Calculate x(p).
0
Let o(d) = d**2 - d. Let z(t) = -t**3 + 16*t**2 + 3*t - 14. Let a(h) = -2*o(h) - z(h). Suppose 88*f = 43*f + 810. Determine a(f).
-4
Let r(h) = -3*h - 43559 + 2*h - 5*h + 43569 - 4*h. Calculate r(5).
-40
Suppose -72*i + 76*i = -8. Let z be -1 + 8/i + 14. Let u(k) be the first derivative of -k**2/2 + 5*k - 1. Calculate u(z).
-4
Let j(x) be the first derivative of -3*x**2/2 + 50*x + 1573. Give j(16).
2
Suppose 76*w + 84 = 88*w. Let d(o) = w + 2*o**3 - 2 - 18 - 11*o**2 - 3*o**3 - 12*o. Calculate d(-10).
7
Let b(q) = q - 2. Let v(r) = 16*r**2 + 4*r - 5. Suppose -35*x + 36*x = 2. Let p be v(x). Let c = p + -57. Calculate b(c).
8
Let m be (32/((-24)/(-3)))/((-3)/3) - 2. Let p(i) = 4*i + 16. What is p(m)?
-8
Let k(v) be the third derivative of v**5/30 + v**4/24 + 77*v**3/3 - 2966*v**2. Give k(0).
154
Let y(b) = -b + 12. Let p(t) = 2*t - 24. Let o be 3/(1 - 8/14). Let r = 428 - 425. Let z(h) = o*y(h) + r*p(h). Give z(0).
12
Let c(g) = -373 - 102 + 258 + 49*g - 464. Give c(14).
5
Let s(q) = -q**3 - 11*q**2 - 4*q + 10. Let r = -652 + 642. What is s(r)?
-50
Let m(y) = -y**2 + 5*y + 2. Let j(h) = -h**2 - 14*h - 6. Let z be j(-4). Let b(r) = -r**3 + 33*r**2 + 32*r + 72. Let o be b(z). Give m(o).
6
Let r(a) = a**3 - 3*a - 2. Let j be r(-2). Let w(b) = 148*b**2 + 3*b - 2. Let u be w(j). Let f(m) = -m**2 - 1 + 2354*m - u*m. Give f(-3).
-10
Suppose -25 + 113 = 15*g + 29*g. Suppose x + 8 = 5*x. Let h(m) = 1 + 0 - 3*m**x + 3*m**2 - 2*m + 2*m**2. Give h(g).
5
Let r(a) = -a**3 - a**2. Let s = 221 - 213. Suppose 5*i + 14 = n - 0*i, -4*n + 4*i = -s. Determine r(n).
0
Let z(m) = m**3 - 8*m**2 + 7*m + 5. Let g = -22 + 26. Let s = g - -32. Let x = -29 + s. What is z(x)?
5
Let u(h) = -h**2 - 20*h + 42. Suppose 7*z + 6 = -148. Calculate u(z).
-2
Suppose -2*n + 0*n = 0. Let w(k) be the second derivative of -k**3/3 - 2*k**2 - k - 310. What is w(n)?
-4
Let r(w) = -8*w**2 + 8*w + 8. Let m(u) = -3*u**2 + 4*u + 2. Let j(s) = -5*m(s) + 2*r(s). Give j(2).
-6
Let q(v) be the third derivative of v**4/24 - 11*v**3/6 - 8526*v**2. Determine q(-3).
-14
Let m(b) = 3*b**3 + 11*b**2 + 29*b + 7. Let n(v) = -5*v**3 - 17*v**2 - 44*v - 13. Let o(c) = -8*m(c) - 5*n(c). What is o(5)?
-1
Suppose 4*w - 68 = 4*d, -2*d - w = 3*w + 16. Let m be ((-2)/2)/(2 - (-29)/d). Let h be ((-4)/m)/(((-6)/(-21))/(-2)). Let i(c) = -2*c + 1. What is i(h)?
-3
Let z = 0 - -1. Let b(h) = 11*h. Let g(f) be the third derivative of -f**4/12 - f**2 + 5*f. Let s(r) = b(r) + 4*g(r). Calculate s(z).
3
Let o(f) be the third derivative of f**6/120 + 3*f**5/20 + f**4/6 + f**3 - 897*f**2. Give o(-8).
38
Let w(f) = 2*f + 6. Let g be -16*(20/(-8) - -2). Let d be 5/(20/(-12)) + g + -1. Suppose 0 = -d*t - 9*t - 78. Calculate w(t).
-6
Let n(y) = -23*y**2 - 9*y + 2. Let z(w) = -13*w**2 - 4*w + 1. Let m(v) = -4*n(v) + 7*z(v). Suppose -h + 6*h = -45. Give m(h).
8
Let v(m) = -m**3 - 8*m**2 - 12*m. Let a be v(-6). Let c be (-2 - a)/((-8)/(-28)). Let u(x) = -x - 6. Give u(c).
1
Let a(l) = l**3 - 7*l**2 + 6*l + 2. Let n = -579 + 583. Let g be 2*21/n*(-336)/(-588). Calculate a(g).
2
Suppose -6*k - 56 = 160. Let r = -34 - k. Suppose 2 = r*s + c, s + c + 4 = -2*c. Let x(d) = 2*d + 1. What is x(s)?
5
Let t(u) = -u**3 + 8*u**2 - 4*u + 15. Suppose -833 + 602 = -33*w. Determine t(w).
36
Let b = -71 - -82. Suppose -5*z + 3*y = -13 - b, 15 = -5*y. Suppose -6*o + z*o - 18 = 0. Let t(j) = -j**2 - 8*j - 6. Calculate t(o).
6
Let p(j) = -j**2 + 8*j - 10. Let u(x) = 34*x + 170. Let r be u(-5). Suppose r = 57*a - 48*a - 72. Determine p(a).
-10
Let n(b) = 17*b - 12. Let f(z) = 8*z + 1. Let p(u) = 20*u + 4. Let g(i) = -11*f(i) + 4*p(i). Let w(v) = 13*g(v) + 6*n(v). Determine w(-2).
-3
Let v = -15 - -187. Let f be (-8)/(-28) + (v/(-14) - -2). Let g(l) = -l**2 - 10*l + 6. Give g(f).
6
Let l(k) be the first derivative of k**5/60 + k**4/3 + 4*k**3/3 + 3*k**2/2 - 4*k - 4. Let w(c) be the second derivative of l(c). Calculate w(-8).
8
Let i(c) = c**2 + 9 - 19 + 3*c + 14. Let t(w) = w**2 + 3*w + 3. Let y(x) = -5*i(x) + 6*t(x). Suppose 333 = -q + 329. Determine y(q).
2
Let p(x) = x**2 + 12*x - 27. Let l be p(-15). Suppose -6*t + l = 6. Suppose 5*g - t*s + 51 = 12, 4*g + 18 = -5*s. Let i(n) = -n**2 - 7*n - 7. Determine i(g).
-7
Let a(v) = 5*v**2 + 2*v + 2. Suppose 2 = -5*g - 33. Let p be (2/8 + g/28)/(-3). Suppose p = -2*o - 2 - 2. Calculate a(o).
18
Suppose -3*y = 5*z - 1 - 24, -y + 5*z = 25. Let a(h) = h**2 - 3*h + 5. Let i be a(2). Let k(g) = 10 + 296*g**i - g**2 - 295*g**3 - 2. What is k(y)?
8
Let h(z) = -13*z + 29. Let g be h(2). Suppose -4*t + 3*q + 53 = 0, -3*t + 16 + 29 = g*q. Let o(y) = y - 6. Give o(t).
8
Let d(p) = -p**3 - 2*p**2 + p. Let x(h) = -28*h**2 - 134*h + 27. Let q be x(-5). Determine d(q).
6
Let a(t) = -59*t - 64*t + 15 + 197*t - 68*t. Give a(10).
75
Let g(s) = 222*s + 2005. Let r be g(-9). Let t(k) = k**2 + 10*k - 13. Let i(a) = 4*a**2 + 31*a - 38. Let p(b) = -2*i(b) + 7*t(b). Calculate p(r).
-8
Let j(o) = 112*o**2 - 91*o + 618. Let y(b) = -25*b**2 + 23*b - 153. Let x(g) = 2*j(g) + 9*y(g). Determine x(13).
15
Let v(z) = 3 + 9 - 12 - 7*z + 9 + 8. Give v(7).
-32
Let c(w) = -w**2 + w - 7. Let i(n) = 14 - 4*n - 5*n + 2 - n**2 - 30. Let s be i(-7). Determine c(s).
-7
Suppose -5*y = -0*y - 2*p, y - p + 3 = 0. Let f(x) be the second derivative of 5/12*x**4 + 4*x + 5 - 1/2*x**3 + x**2. Calculate f(y).
16
Let c be (-1110)/(-40) + (-2)/(-8). Suppose 14*o + 0 - c = 0. Let r(h) = -32*h**2 - h**3 + 20*h**2 - 5*h + 5 + 18*h**o. Determine r(5).
5
Let j(r) be the first derivative of r**4/4 - 11*r**3/3 + 9*r**2/2 + 3*r - 343. Give j(10).
-7
Let q(d) = -10*d - 13. Let w be q(-2). Suppose 4*t + 35 - w = 0. Let n(h) = 4*h. Determine n(t).
-28
Suppose 0 = -2*x + 27 + 1. Suppose -x = -2*h - 2. Suppose r + 5*u = h, -r + 4*u + u = 4. Let d(c) = 11*c**2 - c. Calculate d(r).
10
Let a(u) = -16 + 5 + u + 6. Suppose 0 = -6*w + 73 - 43. Suppose -8 = 4*v - 4*g, w*v + 8 = 3*g + 2. Give a(v).
-5
Let q = -3933 - -3938. Let j(w) be the third derivative of 0*w - 1/6*w**3 + 0 + 0*w**4 + 1/30*w**q - 23*w**2 - 1/30*w**6. Determine j(1).
-3
Let d(m) = 5*m - 10. Let f(l) = -l + 2. Let a(t) = 2*d(t) + 11*f(t). Let y(c) = -34*c**2 + 35*c**2 - 6 + 1 + 3*c. Let p be y(-5). Give a(p).
-3
Let k(z) = z**3 - 4*z + 1. Let w(u) = 4*u**3 - 15*u + 6. Let d(q) = 5*k(q) - w(q). Let x(l) = 5*l**3 - 6*l**2 - 21*l - 7. Let y(j) = 4*d(j) - x(j). Give y(6).
9
Suppose -f - b - 8 = 0, -34 = -6*f + 11*f + 4*b. Let d(h) = h**3 - h**2 - 2*h - 6. Give d(f).
-14
Let o(p) = -p**2 + 8*p - 8. Let g(k) = -k + 7. Let u be g(3). Let b be u*(-7)/28*(-2 + -5). Determine o(b).
-1
Suppose 761*h = 753*h + 23 + 1. Let p(d) = -2*d**3 + 4*d**2 + d + 1. Give p(h).
-14
Let o be (-1 + -1)/(-1*7/(-14)). Let r be ((-160)/(-15))/o*3/(-4). Suppose u - 4 + 0 = 0, -4*u = -r*t - 22. Let h(g) = -2*g**2 - 2*g + 4. Determine h(t).
-8
Let l(h) = -h**3 + 5*h**2 + 2*h - 1. Let f = -72 - -77. Suppose 0*g - 20 = -g. Suppose -g = -5*x + f. Determine l(x).
9
Let n(a) = a**3 + 5 - 5*a + 3*a**2 - 3 + 0*a**3. Let f be (-6 - 9 - -22) + -4 + -7. Determine n(f).
6
Let g(y) = 3*y**2 + 19*y - 5. Let i be 80/(-70)*21/4. Calculate g(i).
-11
Let f(x) = 2*x**3 - 26*x**2 + x - 7. Let a(q) = -q**2 + 6*q + 845. Let i be a(-26). Give f(i).
6
Let y(w) = -7*w**2 - 1. Let b = 118 - 113. Suppose 4*c - 2*s + 17 = 1, 2*c = b*s - 24. Give y(c).
-29
Let h(v) = -v**2 - 77*v - 1447. Let p be h(-32). Let n(d) = -3*d**2 - 19*d - 28. Determine n(p).
-42
Suppose -2*y + 3*a - 27 = -59, y - 16 = 5*a. Let h be (12/10)/(y/40) + -11. Let b(f) = -f**3 - 7*f**2 + 6*f - 5. Give b(h).
11
Let u(v) = v. Let l be -11*((-525)/(-55) + -10). What is 